{"id":934,"date":"2013-06-21T13:10:07","date_gmt":"2013-06-21T13:10:07","guid":{"rendered":"http:\/\/www.francoisbardier.com\/?page_id=934"},"modified":"2021-09-19T07:28:05","modified_gmt":"2021-09-19T07:28:05","slug":"les-differentes-techniques-danimation","status":"publish","type":"page","link":"https:\/\/www.francoisbardier.com\/?page_id=934","title":{"rendered":"Les diff\u00e9rentes techniques d&rsquo;animation"},"content":{"rendered":"<p>Le cin\u00e9ma d&rsquo;animation comporte de nombreuses techniques dont j&rsquo;utilise certaines en ateliers. Certaines sont plus faciles que d&rsquo;autres \u00e0 aborder et \u00e0 s&rsquo;approprier, les besoins en mat\u00e9riel varient \u00e9galement.<br \/>\nJ&rsquo;essaye n\u00e9anmoins d&rsquo;utiliser celles qui sont le plus facilement abordables par tous les publics.<\/p>\n<p>Voici pour commencer un film des ann\u00e9es 70 illustrant les diff\u00e9rentes techniques d&rsquo;animation:<\/p>\n<span class=\"vvqbox vvqyoutube\" style=\"width:425px;height:344px;\"><span id=\"vvq-934-youtube-1\"><a href=\"http:\/\/www.youtube.com\/watch?v=OYM70lZ3wxo\"><img src=\"http:\/\/img.youtube.com\/vi\/OYM70lZ3wxo\/0.jpg\" alt=\"Image de pr\u00e9visualisation YouTube\" \/><\/a><\/span><\/span>\n<p style=\"text-align: center;\"><strong>\u00ab\u00a0Animando\u00a0\u00bb de Marcos Magalh\u00e3es<\/strong><\/p>\n<p>Je vous invite ensuite \u00e0 d\u00e9couvrir les diff\u00e9rentes techniques d&rsquo;animation que j&rsquo;utilise en ateliers en cliquant sur les liens suivants:<\/p>\n<p><a href=\"http:\/\/www.francoisbardier.com\/?page_id=1323\">L&rsquo;animation d&rsquo;objets<\/a><br \/>\n<a href=\"http:\/\/www.francoisbardier.com\/?page_id=1326\">Le papier d\u00e9coup\u00e9<\/a><br \/>\n<a href=\" http:\/\/www.francoisbardier.com\/?page_id=1329\">La pixillation<\/a><br \/>\n<a href=\"http:\/\/www.francoisbardier.com\/?page_id=1332\">Le sable anim\u00e9<\/a><br \/>\n<a href=\"http:\/\/www.francoisbardier.com\/?page_id=1338\">La peinture anim\u00e9e<\/a><br \/>\n<a href=\"http:\/\/www.francoisbardier.com\/?page_id=1335 \">L&rsquo;animation de silhouettes<\/a><br \/>\n<a href=\"http:\/\/www.francoisbardier.com\/?page_id=1394\">L&rsquo;animation en volume<\/a><\/p>\n","protected":false},"excerpt":{"rendered":"<p>Le cin\u00e9ma d&rsquo;animation comporte de nombreuses techniques dont j&rsquo;utilise certaines en ateliers. Certaines sont plus faciles que d&rsquo;autres \u00e0 aborder et \u00e0 s&rsquo;approprier, les besoins en mat\u00e9riel varient \u00e9galement. J&rsquo;essaye n\u00e9anmoins d&rsquo;utiliser celles qui sont le plus facilement abordables par tous les publics. Voici pour commencer un film des ann\u00e9es 70 illustrant les diff\u00e9rentes techniques &hellip; <a href=\"https:\/\/www.francoisbardier.com\/?page_id=934\" class=\"more-link\">Continuer la lecture de <span class=\"screen-reader-text\">Les diff\u00e9rentes techniques d&rsquo;animation<\/span>  <span class=\"meta-nav\">&rarr;<\/span><\/a><\/p>\n","protected":false},"author":2,"featured_media":0,"parent":13,"menu_order":0,"comment_status":"closed","ping_status":"open","template":"","meta":[],"_links":{"self":[{"href":"https:\/\/www.francoisbardier.com\/index.php?rest_route=\/wp\/v2\/pages\/934"}],"collection":[{"href":"https:\/\/www.francoisbardier.com\/index.php?rest_route=\/wp\/v2\/pages"}],"about":[{"href":"https:\/\/www.francoisbardier.com\/index.php?rest_route=\/wp\/v2\/types\/page"}],"author":[{"embeddable":true,"href":"https:\/\/www.francoisbardier.com\/index.php?rest_route=\/wp\/v2\/users\/2"}],"replies":[{"embeddable":true,"href":"https:\/\/www.francoisbardier.com\/index.php?rest_route=%2Fwp%2Fv2%2Fcomments&post=934"}],"version-history":[{"count":22,"href":"https:\/\/www.francoisbardier.com\/index.php?rest_route=\/wp\/v2\/pages\/934\/revisions"}],"predecessor-version":[{"id":1397,"href":"https:\/\/www.francoisbardier.com\/index.php?rest_route=\/wp\/v2\/pages\/934\/revisions\/1397"}],"up":[{"embeddable":true,"href":"https:\/\/www.francoisbardier.com\/index.php?rest_route=\/wp\/v2\/pages\/13"}],"wp:attachment":[{"href":"https:\/\/www.francoisbardier.com\/index.php?rest_route=%2Fwp%2Fv2%2Fmedia&parent=934"}],"curies":[{"name":"wp","href":"https:\/\/api.w.org\/{rel}","templated":true}]}}