{"id":277,"date":"2011-07-27T20:37:13","date_gmt":"2011-07-27T20:37:13","guid":{"rendered":"http:\/\/www.francoisbardier.com\/?page_id=277"},"modified":"2026-02-17T17:55:21","modified_gmt":"2026-02-17T17:55:21","slug":"collage","status":"publish","type":"page","link":"https:\/\/www.francoisbardier.com\/?page_id=277","title":{"rendered":"Le collage comme m\u00e9diation"},"content":{"rendered":"<p>Utilis\u00e9 comme m\u00e9diation, le collage est un outil tr\u00e8s puissant. \u00a0Il agit un peu comme un r\u00e9v\u00e9lateur, une photographie de l&rsquo;\u00e9tat psychique du moment de la personne qui le cr\u00e9e.<\/p>\n<p><a href=\"http:\/\/www.francoisbardier.com\/wp-content\/uploads\/2026\/02\/IMG_20201201_095702-scaled.jpg\"><img decoding=\"async\" loading=\"lazy\" class=\"alignnone size-large wp-image-2005\" src=\"http:\/\/www.francoisbardier.com\/wp-content\/uploads\/2026\/02\/IMG_20201201_095702-1024x768.jpg\" alt=\"\" width=\"474\" height=\"356\" srcset=\"https:\/\/www.francoisbardier.com\/wp-content\/uploads\/2026\/02\/IMG_20201201_095702-1024x768.jpg 1024w, https:\/\/www.francoisbardier.com\/wp-content\/uploads\/2026\/02\/IMG_20201201_095702-300x225.jpg 300w, https:\/\/www.francoisbardier.com\/wp-content\/uploads\/2026\/02\/IMG_20201201_095702-768x576.jpg 768w, https:\/\/www.francoisbardier.com\/wp-content\/uploads\/2026\/02\/IMG_20201201_095702-1536x1152.jpg 1536w, https:\/\/www.francoisbardier.com\/wp-content\/uploads\/2026\/02\/IMG_20201201_095702-2048x1536.jpg 2048w\" sizes=\"(max-width: 474px) 100vw, 474px\" \/><\/a><\/p>\n<p>Il renvoie \u00e0 la personne un certain nombres d&rsquo;\u00e9l\u00e8ments de cet \u00e9tat int\u00e9rieur et de sa situation du moment, qu&rsquo;il doit mettre en relation, entre lesquels il fait des liens, auxquels il donne sa propre interpr\u00e9tation aid\u00e9 par les retour des autres participants de l&rsquo;atelier, de la chaine associative groupale lors du temps de parole. Il peut aussi garder certains \u00e9l\u00e8ments, trop personnels, trop intimes pour lui m\u00eame et choisir de ne pas en parler.<\/p>\n<p><em>\u00ab\u00a0Le groupe remarque, mais il ne juge ni interpr\u00e8te, rouvrant \u00e0 des images \u00e0 d&rsquo;autres mots, \u00e0 d&rsquo;autres liaisons signifiantes, les reliant \u00e0 l&rsquo;humain, au culturel\u00a0\u00bb<\/em> (Jean Paul Petit, \u00ab\u00a0Des images \u00e0 l\u2019\u0153uvre : le travail de collage comme mise en lien\u00a0\u00bb, voir r\u00e9f\u00e9rence dans la bibliographie en bas de page )<\/p>\n<p><a href=\"http:\/\/www.francoisbardier.com\/wp-content\/uploads\/2026\/02\/2023-06-17-15.49.59-scaled.jpg\"><img decoding=\"async\" loading=\"lazy\" class=\"alignnone size-large wp-image-2008\" src=\"http:\/\/www.francoisbardier.com\/wp-content\/uploads\/2026\/02\/2023-06-17-15.49.59-1024x576.jpg\" alt=\"\" width=\"474\" height=\"267\" srcset=\"https:\/\/www.francoisbardier.com\/wp-content\/uploads\/2026\/02\/2023-06-17-15.49.59-1024x576.jpg 1024w, https:\/\/www.francoisbardier.com\/wp-content\/uploads\/2026\/02\/2023-06-17-15.49.59-300x169.jpg 300w, https:\/\/www.francoisbardier.com\/wp-content\/uploads\/2026\/02\/2023-06-17-15.49.59-768x432.jpg 768w, https:\/\/www.francoisbardier.com\/wp-content\/uploads\/2026\/02\/2023-06-17-15.49.59-1536x864.jpg 1536w, https:\/\/www.francoisbardier.com\/wp-content\/uploads\/2026\/02\/2023-06-17-15.49.59-2048x1152.jpg 2048w\" sizes=\"(max-width: 474px) 100vw, 474px\" \/><\/a><\/p>\n<p>Il s&rsquo;agit, g\u00e9n\u00e9ralement, \u00e0 partir de magazines, de d\u00e9couper\u00a0 pour re-coller (Sur une feuille pr\u00e9vue \u00e0 cet effet), de d\u00e9structurer pour restructurer, donner un sens \u00e0 des images prises \u00e7a et l\u00e0 qui n&rsquo;ont pas forc\u00e9ment de lien entre elles, mais auxquelles la personne qui cr\u00e9e le collage donne un sens justement&#8230;<\/p>\n<p>La consigne peut \u00eatre de coller librement, en fonction des images que l&rsquo;on trouve et re-arrange \u00e0 sa fa\u00e7on, ou en suivant un th\u00e8me ou une contrainte sp\u00e9cifique (Faire un portrait, faire un personnage, un monstre, un personnage mythologique&#8230;).<\/p>\n<p>Le collage est fr\u00e9quemment utilis\u00e9 en art-th\u00e9rapie, et c&rsquo;est g\u00e9n\u00e9ralement la m\u00e9diation que j&rsquo;utilise dans les premiers temps de la prise en charge d&rsquo;un groupe&#8230;<\/p>\n<p><strong><span style=\"text-decoration: underline; color: #000000;\">Bibliographie:<\/span><\/strong><\/p>\n<p>&#8211; <strong>\u00ab\u00a0B\u00eates \u00e0 morphoses : Art et Soin Psychique\u00a0\u00bb<\/strong> &#8211; Ouvrage collectif de Fabrice Aimo-Alessi avec les contributions de Christine Challard, Bernard Cadoux, Odile Metling, Laurence Clair&#8230; &#8211; Fage Editions<\/p>\n<p>&#8211; <strong>\u00ab\u00a0Des images \u00e0 l\u2019oeuvre : le travail de collage comme mise en lien\u00a0\u00bb<\/strong> article de Jean Paul Petit dans \u00ab\u00a0Pratiquer les m\u00e9diations en groupes th\u00e9rapeutiques\u00a0\u00bb Claudine Vacheret et collectif, Dunod, 2002.<\/p>\n\n\n<figure class=\"wp-block-image\"><img alt=\"\"\/><\/figure>\n","protected":false},"excerpt":{"rendered":"<p>Utilis\u00e9 comme m\u00e9diation, le collage est un outil tr\u00e8s puissant. \u00a0Il agit un peu comme un r\u00e9v\u00e9lateur, une photographie de l&rsquo;\u00e9tat psychique du moment de la personne qui le cr\u00e9e. Il renvoie \u00e0 la personne un certain nombres d&rsquo;\u00e9l\u00e8ments de cet \u00e9tat int\u00e9rieur et de sa situation du moment, qu&rsquo;il doit mettre en relation, entre &hellip; <a href=\"https:\/\/www.francoisbardier.com\/?page_id=277\" class=\"more-link\">Continuer la lecture de <span class=\"screen-reader-text\">Le collage comme m\u00e9diation<\/span>  <span class=\"meta-nav\">&rarr;<\/span><\/a><\/p>\n","protected":false},"author":2,"featured_media":0,"parent":11,"menu_order":0,"comment_status":"closed","ping_status":"open","template":"","meta":[],"_links":{"self":[{"href":"https:\/\/www.francoisbardier.com\/index.php?rest_route=\/wp\/v2\/pages\/277"}],"collection":[{"href":"https:\/\/www.francoisbardier.com\/index.php?rest_route=\/wp\/v2\/pages"}],"about":[{"href":"https:\/\/www.francoisbardier.com\/index.php?rest_route=\/wp\/v2\/types\/page"}],"author":[{"embeddable":true,"href":"https:\/\/www.francoisbardier.com\/index.php?rest_route=\/wp\/v2\/users\/2"}],"replies":[{"embeddable":true,"href":"https:\/\/www.francoisbardier.com\/index.php?rest_route=%2Fwp%2Fv2%2Fcomments&post=277"}],"version-history":[{"count":23,"href":"https:\/\/www.francoisbardier.com\/index.php?rest_route=\/wp\/v2\/pages\/277\/revisions"}],"predecessor-version":[{"id":2036,"href":"https:\/\/www.francoisbardier.com\/index.php?rest_route=\/wp\/v2\/pages\/277\/revisions\/2036"}],"up":[{"embeddable":true,"href":"https:\/\/www.francoisbardier.com\/index.php?rest_route=\/wp\/v2\/pages\/11"}],"wp:attachment":[{"href":"https:\/\/www.francoisbardier.com\/index.php?rest_route=%2Fwp%2Fv2%2Fmedia&parent=277"}],"curies":[{"name":"wp","href":"https:\/\/api.w.org\/{rel}","templated":true}]}}

Le collage comme médiation

<p>Utilisé comme médiation, le collage est un outil très puissant.  Il agit un peu comme un révélateur, une photographie de l&rsquo;état psychique du moment de la personne qui le crée.</p>
<p><a href="http://www.francoisbardier.com/wp-content/uploads/2026/02/IMG_20201201_095702-scaled.jpg"><img decoding="async" loading="lazy" class="alignnone size-large wp-image-2005" src="http://www.francoisbardier.com/wp-content/uploads/2026/02/IMG_20201201_095702-1024x768.jpg" alt="" width="474" height="356" srcset="https://www.francoisbardier.com/wp-content/uploads/2026/02/IMG_20201201_095702-1024x768.jpg 1024w, https://www.francoisbardier.com/wp-content/uploads/2026/02/IMG_20201201_095702-300x225.jpg 300w, https://www.francoisbardier.com/wp-content/uploads/2026/02/IMG_20201201_095702-768x576.jpg 768w, https://www.francoisbardier.com/wp-content/uploads/2026/02/IMG_20201201_095702-1536x1152.jpg 1536w, https://www.francoisbardier.com/wp-content/uploads/2026/02/IMG_20201201_095702-2048x1536.jpg 2048w" sizes="(max-width: 474px) 100vw, 474px" /></a></p>
<p>Il renvoie à la personne un certain nombres d&rsquo;élèments de cet état intérieur et de sa situation du moment, qu&rsquo;il doit mettre en relation, entre lesquels il fait des liens, auxquels il donne sa propre interprétation aidé par les retour des autres participants de l&rsquo;atelier, de la chaine associative groupale lors du temps de parole. Il peut aussi garder certains élèments, trop personnels, trop intimes pour lui même et choisir de ne pas en parler.</p>
<p><em>« Le groupe remarque, mais il ne juge ni interprète, rouvrant à des images à d&rsquo;autres mots, à d&rsquo;autres liaisons signifiantes, les reliant à l&rsquo;humain, au culturel »</em> (Jean Paul Petit, « Des images à l’œuvre : le travail de collage comme mise en lien », voir référence dans la bibliographie en bas de page )</p>
<p><a href="http://www.francoisbardier.com/wp-content/uploads/2026/02/2023-06-17-15.49.59-scaled.jpg"><img decoding="async" loading="lazy" class="alignnone size-large wp-image-2008" src="http://www.francoisbardier.com/wp-content/uploads/2026/02/2023-06-17-15.49.59-1024x576.jpg" alt="" width="474" height="267" srcset="https://www.francoisbardier.com/wp-content/uploads/2026/02/2023-06-17-15.49.59-1024x576.jpg 1024w, https://www.francoisbardier.com/wp-content/uploads/2026/02/2023-06-17-15.49.59-300x169.jpg 300w, https://www.francoisbardier.com/wp-content/uploads/2026/02/2023-06-17-15.49.59-768x432.jpg 768w, https://www.francoisbardier.com/wp-content/uploads/2026/02/2023-06-17-15.49.59-1536x864.jpg 1536w, https://www.francoisbardier.com/wp-content/uploads/2026/02/2023-06-17-15.49.59-2048x1152.jpg 2048w" sizes="(max-width: 474px) 100vw, 474px" /></a></p>
<p>Il s&rsquo;agit, généralement, à partir de magazines, de découper  pour re-coller (Sur une feuille prévue à cet effet), de déstructurer pour restructurer, donner un sens à des images prises ça et là qui n&rsquo;ont pas forcément de lien entre elles, mais auxquelles la personne qui crée le collage donne un sens justement&#8230;</p>
<p>La consigne peut être de coller librement, en fonction des images que l&rsquo;on trouve et re-arrange à sa façon, ou en suivant un thème ou une contrainte spécifique (Faire un portrait, faire un personnage, un monstre, un personnage mythologique&#8230;).</p>
<p>Le collage est fréquemment utilisé en art-thérapie, et c&rsquo;est généralement la médiation que j&rsquo;utilise dans les premiers temps de la prise en charge d&rsquo;un groupe&#8230;</p>
<p><strong><span style="text-decoration: underline; color: #000000;">Bibliographie:</span></strong></p>
<p>&#8211; <strong>« Bêtes à morphoses : Art et Soin Psychique »</strong> &#8211; Ouvrage collectif de Fabrice Aimo-Alessi avec les contributions de Christine Challard, Bernard Cadoux, Odile Metling, Laurence Clair&#8230; &#8211; Fage Editions</p>
<p>&#8211; <strong>« Des images à l’oeuvre : le travail de collage comme mise en lien »</strong> article de Jean Paul Petit dans « Pratiquer les médiations en groupes thérapeutiques » Claudine Vacheret et collectif, Dunod, 2002.</p>


<figure class="wp-block-image"><img alt=""/></figure>

<p>Utilisé comme médiation, le collage est un outil très puissant.  Il agit un peu comme un révélateur, une photographie de l&rsquo;état psychique du moment de la personne qui le crée. Il renvoie à la personne un certain nombres d&rsquo;élèments de cet état intérieur et de sa situation du moment, qu&rsquo;il doit mettre en relation, entre &hellip; <a href="https://www.francoisbardier.com/?page_id=277" class="more-link">Continuer la lecture de <span class="screen-reader-text">Le collage comme médiation</span>  <span class="meta-nav">&rarr;</span></a></p>
