{"id":924,"date":"2013-05-29T21:33:05","date_gmt":"2013-05-29T21:33:05","guid":{"rendered":"http:\/\/www.francoisbardier.com\/?page_id=924"},"modified":"2026-02-17T17:28:37","modified_gmt":"2026-02-17T17:28:37","slug":"atelier-omeris-part-dieu","status":"publish","type":"page","link":"http:\/\/www.francoisbardier.com\/?page_id=924","title":{"rendered":"Ateliers d&rsquo;art-th\u00e9rapie et personnes ag\u00e9es"},"content":{"rendered":"<p>J&rsquo;anime depuis plus de 15 ans plusieurs des ateliers d&rsquo;art-th\u00e9rapie aupr\u00e8s de personnes \u00e2g\u00e9es dans diverses structures: Maisons de retraite, unit\u00e9s prot\u00e9g\u00e9es, accueils de jour, PASA&#8230;<\/p>\n<p><a href=\"http:\/\/www.francoisbardier.com\/wp-content\/uploads\/2026\/02\/Photos-atelier-1.jpg\"><img decoding=\"async\" loading=\"lazy\" class=\"alignnone size-large wp-image-1994\" src=\"http:\/\/www.francoisbardier.com\/wp-content\/uploads\/2026\/02\/Photos-atelier-1-1024x576.jpg\" alt=\"\" width=\"474\" height=\"267\" srcset=\"http:\/\/www.francoisbardier.com\/wp-content\/uploads\/2026\/02\/Photos-atelier-1-1024x576.jpg 1024w, http:\/\/www.francoisbardier.com\/wp-content\/uploads\/2026\/02\/Photos-atelier-1-300x169.jpg 300w, http:\/\/www.francoisbardier.com\/wp-content\/uploads\/2026\/02\/Photos-atelier-1-768x432.jpg 768w, http:\/\/www.francoisbardier.com\/wp-content\/uploads\/2026\/02\/Photos-atelier-1.jpg 1300w\" sizes=\"(max-width: 474px) 100vw, 474px\" \/><\/a><\/p>\n<p>Ces ateliers sont destin\u00e9s \u00e0 des personnes plus ou moins \u00e2g\u00e9es et plus ou moins autonomes. Certains se d\u00e9roulent en unit\u00e9s prot\u00e9g\u00e9es pour personnes grandement d\u00e9sorient\u00e9es, atteintes de maladies d\u00e9g\u00e9n\u00e9ratives comme la maladie d&rsquo;Alzheimer ou apparent\u00e9es.<\/p>\n<p>J&rsquo;utilise essentiellement la m\u00e9diation aquarelle, et certaines formes de\u00a0 collage accessibles aux personnes ayant perdu beaucoup de capacit\u00e9s psychiques et\/ou psychomotrices comme des personnes atteintes de la maladie de Parkinson.<\/p>\n<p><a href=\"http:\/\/www.francoisbardier.com\/wp-content\/uploads\/2026\/02\/Photos-atelier-alizes-1-scaled.jpg\"><img decoding=\"async\" loading=\"lazy\" class=\"alignnone size-large wp-image-1995\" src=\"http:\/\/www.francoisbardier.com\/wp-content\/uploads\/2026\/02\/Photos-atelier-alizes-1-1024x576.jpg\" alt=\"\" width=\"474\" height=\"267\" srcset=\"http:\/\/www.francoisbardier.com\/wp-content\/uploads\/2026\/02\/Photos-atelier-alizes-1-1024x576.jpg 1024w, http:\/\/www.francoisbardier.com\/wp-content\/uploads\/2026\/02\/Photos-atelier-alizes-1-300x169.jpg 300w, http:\/\/www.francoisbardier.com\/wp-content\/uploads\/2026\/02\/Photos-atelier-alizes-1-768x432.jpg 768w, http:\/\/www.francoisbardier.com\/wp-content\/uploads\/2026\/02\/Photos-atelier-alizes-1-1536x864.jpg 1536w, http:\/\/www.francoisbardier.com\/wp-content\/uploads\/2026\/02\/Photos-atelier-alizes-1-2048x1152.jpg 2048w\" sizes=\"(max-width: 474px) 100vw, 474px\" \/><\/a><\/p>\n<p>Il m&rsquo;arrive aussi d&rsquo;utiliser, si les capacit\u00e9s des personnes le permettent\u00a0 l&rsquo;acrylique, l&rsquo;argile ou la p\u00e2te \u00e0 modeler.<\/p>\n<p><a href=\"http:\/\/www.francoisbardier.com\/wp-content\/uploads\/2013\/05\/Mains-madame-Creuzet.jpg\"><img decoding=\"async\" loading=\"lazy\" class=\"alignnone  wp-image-963\" src=\"http:\/\/www.francoisbardier.com\/wp-content\/uploads\/2013\/05\/Mains-madame-Creuzet-300x199.jpg\" alt=\"Mains madame Creuzet\" width=\"199\" height=\"132\" srcset=\"http:\/\/www.francoisbardier.com\/wp-content\/uploads\/2013\/05\/Mains-madame-Creuzet-300x199.jpg 300w, http:\/\/www.francoisbardier.com\/wp-content\/uploads\/2013\/05\/Mains-madame-Creuzet.jpg 800w\" sizes=\"(max-width: 199px) 100vw, 199px\" \/><\/a><\/p>\n<p><a href=\"http:\/\/www.francoisbardier.com\/wp-content\/uploads\/2013\/05\/Forme-contenante1.jpg\"><img decoding=\"async\" loading=\"lazy\" class=\"alignnone  wp-image-916\" src=\"http:\/\/www.francoisbardier.com\/wp-content\/uploads\/2013\/05\/Forme-contenante1.jpg\" alt=\"\" width=\"197\" height=\"131\" srcset=\"http:\/\/www.francoisbardier.com\/wp-content\/uploads\/2013\/05\/Forme-contenante1.jpg 800w, http:\/\/www.francoisbardier.com\/wp-content\/uploads\/2013\/05\/Forme-contenante1-300x199.jpg 300w\" sizes=\"(max-width: 197px) 100vw, 197px\" \/><\/a><\/p>\n<p><strong>Les probl\u00e9matiques des personnes ag\u00e9es:<\/strong><\/p>\n<p class=\"cvGsUA direction-ltr align-start para-style-body\"><span class=\"a_GcMg font-feature-liga-off font-feature-clig-off font-feature-calt-off text-decoration-none text-strikethrough-none\">Les personnes ag\u00e9es sont confront\u00e9es \u00e0 de multiples difficult\u00e9s et deuils:<\/span><\/p>\n<ul>\n<li style=\"list-style-type: none;\">\n<ul>\n<li><span class=\"a_GcMg font-feature-liga-off font-feature-clig-off font-feature-calt-off text-decoration-none text-strikethrough-none\">Perte d\u2019autonomie, d\u00e9pendance<\/span><\/li>\n<li><span class=\"a_GcMg font-feature-liga-off font-feature-clig-off font-feature-calt-off text-decoration-none text-strikethrough-none\">Pertes de facult\u00e9s physiques et psychiques<\/span><\/li>\n<li><span class=\"a_GcMg font-feature-liga-off font-feature-clig-off font-feature-calt-off text-decoration-none text-strikethrough-none\">Difficult\u00e9s de la vie en institution, perte d\u2019un logement \u00e0 soi<\/span><\/li>\n<li><span class=\"a_GcMg font-feature-liga-off font-feature-clig-off font-feature-calt-off text-decoration-none text-strikethrough-none\">Sentiment d\u2019abandon et d\u2019isolement<\/span><\/li>\n<li><span class=\"a_GcMg font-feature-liga-off font-feature-clig-off font-feature-calt-off text-decoration-none text-strikethrough-none\">Bilan de vie<\/span><\/li>\n<li><span class=\"a_GcMg font-feature-liga-off font-feature-clig-off font-feature-calt-off text-decoration-none text-strikethrough-none\">Angoisse de mort, d\u00e9pression<\/span><\/li>\n<\/ul>\n<\/li>\n<\/ul>\n<p><strong><span class=\"a_GcMg font-feature-liga-off font-feature-clig-off font-feature-calt-off text-decoration-none text-strikethrough-none\">Quel apport de l\u2019art-th\u00e9rapie pour les personnes ag\u00e9es ?<\/span><\/strong><\/p>\n<p class=\"cvGsUA direction-ltr align-start para-style-body\"><span class=\"a_GcMg font-feature-liga-off font-feature-clig-off font-feature-calt-off text-decoration-none text-strikethrough-none\">Les ateliers d&rsquo;art-th\u00e9rapie permettent aux personnes de s\u2019exprimer sur ces probl\u00e9matiques qui leur p\u00e8sent et de les partager en groupe.<\/span><\/p>\n<p class=\"cvGsUA direction-ltr align-start para-style-body\"><span class=\"a_GcMg font-feature-liga-off font-feature-clig-off font-feature-calt-off text-decoration-none text-strikethrough-none\">Ils permettent \u00e9galement de stimuler les fonctions cognitives, agissent sur le bien \u00eatre psychique et la qualit\u00e9 de vie en am\u00e9liorant le moral, diminuant les angoisses, et aidant \u00e0 accompagner les changements qu&rsquo;impliquent cette \u00e9poque de la vie. Ils sont aussi un moment de convivialit\u00e9, de plaisir et de libert\u00e9 cr\u00e9ative partag\u00e9e, permettant de sortir certaines personnes de l\u2019isolement par le lien social qu\u2019ils recr\u00e9ent.<\/span><\/p>\n<p class=\"cvGsUA direction-ltr align-start para-style-body\"><span class=\"a_GcMg font-feature-liga-off font-feature-clig-off font-feature-calt-off text-decoration-none text-strikethrough-none\">Pour les personnes d\u00e9sorient\u00e9es des unit\u00e9s prot\u00e9g\u00e9es, les ateliers am\u00e8nent un apaisement et un moment de plaisir partag\u00e9 diminuant leurs sympt\u00f4mes durant le temps de la s\u00e9ance, les participants pouvant se poser et se d\u00e9tendre l\u00e0 o\u00f9 parfois ils d\u00e9ambulent dans l\u2019unit\u00e9 ou sont dans une recherche de proches absents.<\/span><\/p>\n<p><strong>L&rsquo;inscription institutionnelle:<\/strong><\/p>\n<p class=\"cvGsUA direction-ltr align-start para-style-body\"><span class=\"a_GcMg font-feature-liga-off font-feature-clig-off font-feature-calt-off text-decoration-none text-strikethrough-none\">Les ateliers d\u2019art-th\u00e9rapie, qui s\u2019inscrivent dans la tendance des th\u00e9rapies non m\u00e9dicamenteuses, permettent de compl\u00e9ter l\u2019offre de soin dans les EHPAD, proposant un espace d\u2019accueil des difficult\u00e9s psychiques des r\u00e9sidents et permettant une \u00e9volution de celles-ci vers un mieux \u00eatre.<\/span><\/p>\n<p class=\"cvGsUA direction-ltr align-start para-style-body\"><span class=\"a_GcMg font-feature-liga-off font-feature-clig-off font-feature-calt-off text-decoration-none text-strikethrough-none\">L\u2019approche groupale des ateliers permet de compl\u00e9ter les approches individuelles comme les entretiens r\u00e9alis\u00e9s par le psychologue ou les interventions des psychomotriciens ou autre param\u00e9dicaux plus centr\u00e9s sur le corps.<\/span><\/p>\n<p>Pour illustrer ce que peuvent apporter ce type d&rsquo;ateliers, voici un petit extrait du livre <strong>\u00ab\u00a0Manuel des m\u00e9diations th\u00e9rapeutiques\u00a0\u00bb<\/strong> <strong>de Anne Brun, Bernard Chouvier et Ren\u00e9 Roussillon<\/strong> \u00e0 propos de l&rsquo;utilisation des m\u00e9diations th\u00e9rapeutiques avec des personnes \u00e2g\u00e9es.<\/p>\n<p>Cet extrait figure dans le chapitre <strong>\u00ab\u00a0Sp\u00e9cificit\u00e9 de la symbolisation dans les m\u00e9diations th\u00e9rapeutiques\u00a0\u00bb<\/strong> \u00e9crit par Anne Brun (p 136).<\/p>\n<p>Elle s&rsquo;appuie dans cet extrait sur un article de C.Belakhovsky et C.Joubert (2004, p 195-202) <strong>\u00ab\u00a0Photolangage, un espace de jeu pour remobiliser la psych\u00e9\u00a0\u00bb<\/strong> issu du livre collectif<strong> \u00ab\u00a0La personne ag\u00e9e en art-th\u00e9rapie, de l&rsquo;expression au lien social\u00a0\u00bb<\/strong>, Paris, 2003.<\/p>\n<p><em>\u00ab\u00a0Il s&rsquo;agit de remobiliser la psych\u00e9 des personnes vieillissantes , dont l&rsquo;\u00e9nergie psychique vieillit avec le grand \u00e2ge, ce qui entraine un d\u00e9sinvestissement et un appauvrissement. Alors que les \u00e9prouv\u00e9s de douleur entrainent un trou, un blanc dans le tissu psychique , les ateliers m\u00e9diatis\u00e9s permettent de mobiliser les \u00e9prouv\u00e9s de plaisir et les affects, en sollicitant le registre de l&rsquo;image: l&rsquo;activit\u00e9 du pr\u00e9conscient est alors revitalis\u00e9e, notamment par la (re)construction de liens entre affect, image et repr\u00e9sentation.<\/em><\/p>\n<p><em>Face \u00e0 la crise de la senescence, qui se caract\u00e9rise d&rsquo;une part par un ensemble de pertes, pertes narcissiques au niveau notamment du corps, pertes des proches, qui r\u00e9activent d&rsquo;autres pertes ant\u00e9rieures, comme celle de la s\u00e9paration d&rsquo;avec la m\u00e8re, d&rsquo;autre part par la r\u00e9organisation psychique n\u00e9cessit\u00e9e par l&rsquo;int\u00e9gration de la mort, les m\u00e9diations th\u00e9rapeutiques peuvent permettre de mobiliser un processus de r\u00e9organisation psychique.<\/em><\/p>\n<p><em>(&#8230;), je d\u00e9fendrai l&rsquo;hypoth\u00e8se que les m\u00e9diations artistiques, pour des patients \u00e2g\u00e9s en difficult\u00e9, permettent de travailler \u00e0 renforcer, \u00e0 reconqu\u00e9rir, ou \u00e0 acqu\u00e9rir une potentialit\u00e9 r\u00e9flective par rapport \u00e0 soi-m\u00eame. La fonction essentielle de la m\u00e9diation consiste en effet \u00e0 permettre que les sensations et les \u00e9motions du patient puissent se r\u00e9fl\u00e9chir en un \u00e9tat propre au patient lui-m\u00eame, qu&rsquo;il puisse enfin s&rsquo;approprier.<\/em><\/p>\n<p><em>La r\u00e9flexivit\u00e9 se pr\u00e9sente selon Ren\u00e9 Roussillon (2008) comme un processus au cours duquel le sujet doit pouvoir se sentir, se voir et s&rsquo;entendre. Les th\u00e9rapeutes offrent en effet aux patients une sorte de miroir corporel et affectif, notamment par un partage d&rsquo;affects. Le travail th\u00e9rapeutique en m\u00e9diation va donc permettre d&rsquo;acc\u00e9der \u00e0 une forme de langage sensori-moteur et de lui donner sens\u00a0\u00bb.<\/em><\/p>\n<p>T\u00e9l\u00e9charger le flyer de pr\u00e9sentation de mes ateliers pour les personnes ag\u00e9es:<\/p>\n","protected":false},"excerpt":{"rendered":"<p>J&rsquo;anime depuis plus de 15 ans plusieurs des ateliers d&rsquo;art-th\u00e9rapie aupr\u00e8s de personnes \u00e2g\u00e9es dans diverses structures: Maisons de retraite, unit\u00e9s prot\u00e9g\u00e9es, accueils de jour, PASA&#8230; Ces ateliers sont destin\u00e9s \u00e0 des personnes plus ou moins \u00e2g\u00e9es et plus ou moins autonomes. Certains se d\u00e9roulent en unit\u00e9s prot\u00e9g\u00e9es pour personnes grandement d\u00e9sorient\u00e9es, atteintes de maladies &hellip; <a href=\"http:\/\/www.francoisbardier.com\/?page_id=924\" class=\"more-link\">Continuer la lecture de <span class=\"screen-reader-text\">Ateliers d&rsquo;art-th\u00e9rapie et personnes ag\u00e9es<\/span>  <span class=\"meta-nav\">&rarr;<\/span><\/a><\/p>\n","protected":false},"author":2,"featured_media":1997,"parent":11,"menu_order":0,"comment_status":"closed","ping_status":"open","template":"","meta":[],"_links":{"self":[{"href":"http:\/\/www.francoisbardier.com\/index.php?rest_route=\/wp\/v2\/pages\/924"}],"collection":[{"href":"http:\/\/www.francoisbardier.com\/index.php?rest_route=\/wp\/v2\/pages"}],"about":[{"href":"http:\/\/www.francoisbardier.com\/index.php?rest_route=\/wp\/v2\/types\/page"}],"author":[{"embeddable":true,"href":"http:\/\/www.francoisbardier.com\/index.php?rest_route=\/wp\/v2\/users\/2"}],"replies":[{"embeddable":true,"href":"http:\/\/www.francoisbardier.com\/index.php?rest_route=%2Fwp%2Fv2%2Fcomments&post=924"}],"version-history":[{"count":30,"href":"http:\/\/www.francoisbardier.com\/index.php?rest_route=\/wp\/v2\/pages\/924\/revisions"}],"predecessor-version":[{"id":2021,"href":"http:\/\/www.francoisbardier.com\/index.php?rest_route=\/wp\/v2\/pages\/924\/revisions\/2021"}],"up":[{"embeddable":true,"href":"http:\/\/www.francoisbardier.com\/index.php?rest_route=\/wp\/v2\/pages\/11"}],"wp:featuredmedia":[{"embeddable":true,"href":"http:\/\/www.francoisbardier.com\/index.php?rest_route=\/wp\/v2\/media\/1997"}],"wp:attachment":[{"href":"http:\/\/www.francoisbardier.com\/index.php?rest_route=%2Fwp%2Fv2%2Fmedia&parent=924"}],"curies":[{"name":"wp","href":"https:\/\/api.w.org\/{rel}","templated":true}]}}

Ateliers d&rsquo;art-thérapie et personnes agées

<p>J&rsquo;anime depuis plus de 15 ans plusieurs des ateliers d&rsquo;art-thérapie auprès de personnes âgées dans diverses structures: Maisons de retraite, unités protégées, accueils de jour, PASA&#8230;</p>
<p><a href="http://www.francoisbardier.com/wp-content/uploads/2026/02/Photos-atelier-1.jpg"><img decoding="async" loading="lazy" class="alignnone size-large wp-image-1994" src="http://www.francoisbardier.com/wp-content/uploads/2026/02/Photos-atelier-1-1024x576.jpg" alt="" width="474" height="267" srcset="http://www.francoisbardier.com/wp-content/uploads/2026/02/Photos-atelier-1-1024x576.jpg 1024w, http://www.francoisbardier.com/wp-content/uploads/2026/02/Photos-atelier-1-300x169.jpg 300w, http://www.francoisbardier.com/wp-content/uploads/2026/02/Photos-atelier-1-768x432.jpg 768w, http://www.francoisbardier.com/wp-content/uploads/2026/02/Photos-atelier-1.jpg 1300w" sizes="(max-width: 474px) 100vw, 474px" /></a></p>
<p>Ces ateliers sont destinés à des personnes plus ou moins âgées et plus ou moins autonomes. Certains se déroulent en unités protégées pour personnes grandement désorientées, atteintes de maladies dégénératives comme la maladie d&rsquo;Alzheimer ou apparentées.</p>
<p>J&rsquo;utilise essentiellement la médiation aquarelle, et certaines formes de  collage accessibles aux personnes ayant perdu beaucoup de capacités psychiques et/ou psychomotrices comme des personnes atteintes de la maladie de Parkinson.</p>
<p><a href="http://www.francoisbardier.com/wp-content/uploads/2026/02/Photos-atelier-alizes-1-scaled.jpg"><img decoding="async" loading="lazy" class="alignnone size-large wp-image-1995" src="http://www.francoisbardier.com/wp-content/uploads/2026/02/Photos-atelier-alizes-1-1024x576.jpg" alt="" width="474" height="267" srcset="http://www.francoisbardier.com/wp-content/uploads/2026/02/Photos-atelier-alizes-1-1024x576.jpg 1024w, http://www.francoisbardier.com/wp-content/uploads/2026/02/Photos-atelier-alizes-1-300x169.jpg 300w, http://www.francoisbardier.com/wp-content/uploads/2026/02/Photos-atelier-alizes-1-768x432.jpg 768w, http://www.francoisbardier.com/wp-content/uploads/2026/02/Photos-atelier-alizes-1-1536x864.jpg 1536w, http://www.francoisbardier.com/wp-content/uploads/2026/02/Photos-atelier-alizes-1-2048x1152.jpg 2048w" sizes="(max-width: 474px) 100vw, 474px" /></a></p>
<p>Il m&rsquo;arrive aussi d&rsquo;utiliser, si les capacités des personnes le permettent  l&rsquo;acrylique, l&rsquo;argile ou la pâte à modeler.</p>
<p><a href="http://www.francoisbardier.com/wp-content/uploads/2013/05/Mains-madame-Creuzet.jpg"><img decoding="async" loading="lazy" class="alignnone  wp-image-963" src="http://www.francoisbardier.com/wp-content/uploads/2013/05/Mains-madame-Creuzet-300x199.jpg" alt="Mains madame Creuzet" width="199" height="132" srcset="http://www.francoisbardier.com/wp-content/uploads/2013/05/Mains-madame-Creuzet-300x199.jpg 300w, http://www.francoisbardier.com/wp-content/uploads/2013/05/Mains-madame-Creuzet.jpg 800w" sizes="(max-width: 199px) 100vw, 199px" /></a></p>
<p><a href="http://www.francoisbardier.com/wp-content/uploads/2013/05/Forme-contenante1.jpg"><img decoding="async" loading="lazy" class="alignnone  wp-image-916" src="http://www.francoisbardier.com/wp-content/uploads/2013/05/Forme-contenante1.jpg" alt="" width="197" height="131" srcset="http://www.francoisbardier.com/wp-content/uploads/2013/05/Forme-contenante1.jpg 800w, http://www.francoisbardier.com/wp-content/uploads/2013/05/Forme-contenante1-300x199.jpg 300w" sizes="(max-width: 197px) 100vw, 197px" /></a></p>
<p><strong>Les problématiques des personnes agées:</strong></p>
<p class="cvGsUA direction-ltr align-start para-style-body"><span class="a_GcMg font-feature-liga-off font-feature-clig-off font-feature-calt-off text-decoration-none text-strikethrough-none">Les personnes agées sont confrontées à de multiples difficultés et deuils:</span></p>
<ul>
<li style="list-style-type: none;">
<ul>
<li><span class="a_GcMg font-feature-liga-off font-feature-clig-off font-feature-calt-off text-decoration-none text-strikethrough-none">Perte d’autonomie, dépendance</span></li>
<li><span class="a_GcMg font-feature-liga-off font-feature-clig-off font-feature-calt-off text-decoration-none text-strikethrough-none">Pertes de facultés physiques et psychiques</span></li>
<li><span class="a_GcMg font-feature-liga-off font-feature-clig-off font-feature-calt-off text-decoration-none text-strikethrough-none">Difficultés de la vie en institution, perte d’un logement à soi</span></li>
<li><span class="a_GcMg font-feature-liga-off font-feature-clig-off font-feature-calt-off text-decoration-none text-strikethrough-none">Sentiment d’abandon et d’isolement</span></li>
<li><span class="a_GcMg font-feature-liga-off font-feature-clig-off font-feature-calt-off text-decoration-none text-strikethrough-none">Bilan de vie</span></li>
<li><span class="a_GcMg font-feature-liga-off font-feature-clig-off font-feature-calt-off text-decoration-none text-strikethrough-none">Angoisse de mort, dépression</span></li>
</ul>
</li>
</ul>
<p><strong><span class="a_GcMg font-feature-liga-off font-feature-clig-off font-feature-calt-off text-decoration-none text-strikethrough-none">Quel apport de l’art-thérapie pour les personnes agées ?</span></strong></p>
<p class="cvGsUA direction-ltr align-start para-style-body"><span class="a_GcMg font-feature-liga-off font-feature-clig-off font-feature-calt-off text-decoration-none text-strikethrough-none">Les ateliers d&rsquo;art-thérapie permettent aux personnes de s’exprimer sur ces problématiques qui leur pèsent et de les partager en groupe.</span></p>
<p class="cvGsUA direction-ltr align-start para-style-body"><span class="a_GcMg font-feature-liga-off font-feature-clig-off font-feature-calt-off text-decoration-none text-strikethrough-none">Ils permettent également de stimuler les fonctions cognitives, agissent sur le bien être psychique et la qualité de vie en améliorant le moral, diminuant les angoisses, et aidant à accompagner les changements qu&rsquo;impliquent cette époque de la vie. Ils sont aussi un moment de convivialité, de plaisir et de liberté créative partagée, permettant de sortir certaines personnes de l’isolement par le lien social qu’ils recréent.</span></p>
<p class="cvGsUA direction-ltr align-start para-style-body"><span class="a_GcMg font-feature-liga-off font-feature-clig-off font-feature-calt-off text-decoration-none text-strikethrough-none">Pour les personnes désorientées des unités protégées, les ateliers amènent un apaisement et un moment de plaisir partagé diminuant leurs symptômes durant le temps de la séance, les participants pouvant se poser et se détendre là où parfois ils déambulent dans l’unité ou sont dans une recherche de proches absents.</span></p>
<p><strong>L&rsquo;inscription institutionnelle:</strong></p>
<p class="cvGsUA direction-ltr align-start para-style-body"><span class="a_GcMg font-feature-liga-off font-feature-clig-off font-feature-calt-off text-decoration-none text-strikethrough-none">Les ateliers d’art-thérapie, qui s’inscrivent dans la tendance des thérapies non médicamenteuses, permettent de compléter l’offre de soin dans les EHPAD, proposant un espace d’accueil des difficultés psychiques des résidents et permettant une évolution de celles-ci vers un mieux être.</span></p>
<p class="cvGsUA direction-ltr align-start para-style-body"><span class="a_GcMg font-feature-liga-off font-feature-clig-off font-feature-calt-off text-decoration-none text-strikethrough-none">L’approche groupale des ateliers permet de compléter les approches individuelles comme les entretiens réalisés par le psychologue ou les interventions des psychomotriciens ou autre paramédicaux plus centrés sur le corps.</span></p>
<p>Pour illustrer ce que peuvent apporter ce type d&rsquo;ateliers, voici un petit extrait du livre <strong>« Manuel des médiations thérapeutiques »</strong> <strong>de Anne Brun, Bernard Chouvier et René Roussillon</strong> à propos de l&rsquo;utilisation des médiations thérapeutiques avec des personnes âgées.</p>
<p>Cet extrait figure dans le chapitre <strong>« Spécificité de la symbolisation dans les médiations thérapeutiques »</strong> écrit par Anne Brun (p 136).</p>
<p>Elle s&rsquo;appuie dans cet extrait sur un article de C.Belakhovsky et C.Joubert (2004, p 195-202) <strong>« Photolangage, un espace de jeu pour remobiliser la psyché »</strong> issu du livre collectif<strong> « La personne agée en art-thérapie, de l&rsquo;expression au lien social »</strong>, Paris, 2003.</p>
<p><em>« Il s&rsquo;agit de remobiliser la psyché des personnes vieillissantes , dont l&rsquo;énergie psychique vieillit avec le grand âge, ce qui entraine un désinvestissement et un appauvrissement. Alors que les éprouvés de douleur entrainent un trou, un blanc dans le tissu psychique , les ateliers médiatisés permettent de mobiliser les éprouvés de plaisir et les affects, en sollicitant le registre de l&rsquo;image: l&rsquo;activité du préconscient est alors revitalisée, notamment par la (re)construction de liens entre affect, image et représentation.</em></p>
<p><em>Face à la crise de la senescence, qui se caractérise d&rsquo;une part par un ensemble de pertes, pertes narcissiques au niveau notamment du corps, pertes des proches, qui réactivent d&rsquo;autres pertes antérieures, comme celle de la séparation d&rsquo;avec la mère, d&rsquo;autre part par la réorganisation psychique nécessitée par l&rsquo;intégration de la mort, les médiations thérapeutiques peuvent permettre de mobiliser un processus de réorganisation psychique.</em></p>
<p><em>(&#8230;), je défendrai l&rsquo;hypothèse que les médiations artistiques, pour des patients âgés en difficulté, permettent de travailler à renforcer, à reconquérir, ou à acquérir une potentialité réflective par rapport à soi-même. La fonction essentielle de la médiation consiste en effet à permettre que les sensations et les émotions du patient puissent se réfléchir en un état propre au patient lui-même, qu&rsquo;il puisse enfin s&rsquo;approprier.</em></p>
<p><em>La réflexivité se présente selon René Roussillon (2008) comme un processus au cours duquel le sujet doit pouvoir se sentir, se voir et s&rsquo;entendre. Les thérapeutes offrent en effet aux patients une sorte de miroir corporel et affectif, notamment par un partage d&rsquo;affects. Le travail thérapeutique en médiation va donc permettre d&rsquo;accéder à une forme de langage sensori-moteur et de lui donner sens ».</em></p>
<p>Télécharger le flyer de présentation de mes ateliers pour les personnes agées:</p>

<p>J&rsquo;anime depuis plus de 15 ans plusieurs des ateliers d&rsquo;art-thérapie auprès de personnes âgées dans diverses structures: Maisons de retraite, unités protégées, accueils de jour, PASA&#8230; Ces ateliers sont destinés à des personnes plus ou moins âgées et plus ou moins autonomes. Certains se déroulent en unités protégées pour personnes grandement désorientées, atteintes de maladies &hellip; <a href="http://www.francoisbardier.com/?page_id=924" class="more-link">Continuer la lecture de <span class="screen-reader-text">Ateliers d&rsquo;art-thérapie et personnes agées</span>  <span class="meta-nav">&rarr;</span></a></p>
