{"id":60,"date":"2011-06-06T20:33:16","date_gmt":"2011-06-06T20:33:16","guid":{"rendered":"http:\/\/www.francoisbardier.com\/?page_id=60"},"modified":"2026-02-16T11:05:04","modified_gmt":"2026-02-16T11:05:04","slug":"ateliers-enfants","status":"publish","type":"page","link":"http:\/\/www.francoisbardier.com\/?page_id=60","title":{"rendered":"Ateliers enfants"},"content":{"rendered":"<p>J&rsquo;anime des ateliers de cin\u00e9ma d&rsquo;animation pour les enfants, dans les MJC, \u00e9coles, lyc\u00e9es, IME, m\u00e9diath\u00e8ques&#8230;<\/p>\n<p style=\"text-align: center;\"><a href=\"http:\/\/www.francoisbardier.com\/wp-content\/uploads\/2011\/06\/Image-animation-enfants.jpg\"><img decoding=\"async\" loading=\"lazy\" class=\"aligncenter size-full wp-image-553\" title=\"Image animation enfants\" src=\"http:\/\/www.francoisbardier.com\/wp-content\/uploads\/2011\/06\/Image-animation-enfants.jpg\" alt=\"\" width=\"500\" height=\"375\" srcset=\"http:\/\/www.francoisbardier.com\/wp-content\/uploads\/2011\/06\/Image-animation-enfants.jpg 500w, http:\/\/www.francoisbardier.com\/wp-content\/uploads\/2011\/06\/Image-animation-enfants-300x225.jpg 300w\" sizes=\"(max-width: 500px) 100vw, 500px\" \/><\/a><strong>Tournage d&rsquo;un film en p\u00e2te \u00e0 modeler \u00e0 l&rsquo;\u00e9cole lumi\u00e8re (Lyon 8eme)<\/strong><\/p>\n<p>Ces ateliers permettent aux enfants d&rsquo;exprimer leur cr\u00e9ativit\u00e9 et leur imagination mais aussi leur fait travailler leurs facult\u00e9s \u00e0 travailler en \u00e9quipe.<\/p>\n<p style=\"text-align: center;\"><a href=\"http:\/\/www.francoisbardier.com\/wp-content\/uploads\/2025\/09\/2025-03-23-14.24.00.jpg\"><img decoding=\"async\" loading=\"lazy\" class=\"alignnone size-large wp-image-1902\" src=\"http:\/\/www.francoisbardier.com\/wp-content\/uploads\/2025\/09\/2025-03-23-14.24.00-1024x768.jpg\" alt=\"\" width=\"700\" height=\"525\" srcset=\"http:\/\/www.francoisbardier.com\/wp-content\/uploads\/2025\/09\/2025-03-23-14.24.00-1024x768.jpg 1024w, http:\/\/www.francoisbardier.com\/wp-content\/uploads\/2025\/09\/2025-03-23-14.24.00-300x225.jpg 300w, http:\/\/www.francoisbardier.com\/wp-content\/uploads\/2025\/09\/2025-03-23-14.24.00-768x576.jpg 768w, http:\/\/www.francoisbardier.com\/wp-content\/uploads\/2025\/09\/2025-03-23-14.24.00-1536x1152.jpg 1536w, http:\/\/www.francoisbardier.com\/wp-content\/uploads\/2025\/09\/2025-03-23-14.24.00-2048x1536.jpg 2048w\" sizes=\"(max-width: 700px) 100vw, 700px\" \/><\/a><\/p>\n<p style=\"text-align: center;\">Atelier de cin\u00e9ma d&rsquo;animation &#8211; M\u00e9diath\u00e8que de Meyzieu &#8211; Festival les oniriques 2025<\/p>\n<p style=\"text-align: center;\"><a href=\"http:\/\/www.francoisbardier.com\/wp-content\/uploads\/2011\/06\/CIMG01301.jpg\"><img decoding=\"async\" loading=\"lazy\" class=\"aligncenter size-full wp-image-562\" title=\"CIMG0130\" src=\"http:\/\/www.francoisbardier.com\/wp-content\/uploads\/2011\/06\/CIMG01301.jpg\" alt=\"\" width=\"500\" height=\"632\" srcset=\"http:\/\/www.francoisbardier.com\/wp-content\/uploads\/2011\/06\/CIMG01301.jpg 500w, http:\/\/www.francoisbardier.com\/wp-content\/uploads\/2011\/06\/CIMG01301-237x300.jpg 237w\" sizes=\"(max-width: 500px) 100vw, 500px\" \/><\/a><strong>R\u00e9alisation d&rsquo;un g\u00e9n\u00e9rique en land-art<\/strong><\/p>\n<p><strong>Films r\u00e9alis\u00e9s lors de ces ateliers:<\/strong><\/p>\n<p><strong>Ecole Chateau-Gaillard (2024):<\/strong><\/p>\n<p><iframe loading=\"lazy\" title=\"&quot;L&#039;e\u0301cole du futur&quot;\" width=\"474\" height=\"267\" src=\"https:\/\/www.youtube.com\/embed\/3I5P8p92t_g?feature=oembed\" frameborder=\"0\" allow=\"accelerometer; autoplay; clipboard-write; encrypted-media; gyroscope; picture-in-picture; web-share\" referrerpolicy=\"strict-origin-when-cross-origin\" allowfullscreen><\/iframe><\/p>\n<p><strong>IME l&rsquo;oiseau blanc (2024): \u00ab\u00a0Lib\u00e9r\u00e9e, d\u00e9livr\u00e9e\u00a0\u00bb<\/strong><\/p>\n<p><iframe loading=\"lazy\" title=\"BDECINES 2024 - IME l&#039;Oiseau Blanc 2024 - Lib\u00e9r\u00e9e, d\u00e9livr\u00e9e\" width=\"474\" height=\"267\" src=\"https:\/\/www.youtube.com\/embed\/lP2CE-kowM8?feature=oembed\" frameborder=\"0\" allow=\"accelerometer; autoplay; clipboard-write; encrypted-media; gyroscope; picture-in-picture; web-share\" referrerpolicy=\"strict-origin-when-cross-origin\" allowfullscreen><\/iframe><\/p>\n<p>Ecole Jean Jaur\u00e8s (D\u00e9cines) &#8211; Les aventures de Singsi\u00a0\u00bb (2022):<\/p>\n<p><iframe loading=\"lazy\" title=\"BEDECINES 2022 - Ecole Jean Jaur\u00e8s de D\u00e9cines\" width=\"474\" height=\"356\" src=\"https:\/\/www.youtube.com\/embed\/JhbWDjfGUGg?feature=oembed\" frameborder=\"0\" allow=\"accelerometer; autoplay; clipboard-write; encrypted-media; gyroscope; picture-in-picture; web-share\" referrerpolicy=\"strict-origin-when-cross-origin\" allowfullscreen><\/iframe><\/p>\n\n\n<figure class=\"wp-block-image\"><img alt=\"\"\/><\/figure>\n\n\n\n<figure class=\"wp-block-gallery has-nested-images columns-default is-cropped wp-block-gallery-1 is-layout-flex\"><\/figure>\n","protected":false},"excerpt":{"rendered":"<p>J&rsquo;anime des ateliers de cin\u00e9ma d&rsquo;animation pour les enfants, dans les MJC, \u00e9coles, lyc\u00e9es, IME, m\u00e9diath\u00e8ques&#8230; Tournage d&rsquo;un film en p\u00e2te \u00e0 modeler \u00e0 l&rsquo;\u00e9cole lumi\u00e8re (Lyon 8eme) Ces ateliers permettent aux enfants d&rsquo;exprimer leur cr\u00e9ativit\u00e9 et leur imagination mais aussi leur fait travailler leurs facult\u00e9s \u00e0 travailler en \u00e9quipe. Atelier de cin\u00e9ma d&rsquo;animation &#8211; &hellip; <a href=\"http:\/\/www.francoisbardier.com\/?page_id=60\" class=\"more-link\">Continuer la lecture de <span class=\"screen-reader-text\">Ateliers enfants<\/span>  <span class=\"meta-nav\">&rarr;<\/span><\/a><\/p>\n","protected":false},"author":2,"featured_media":0,"parent":13,"menu_order":0,"comment_status":"closed","ping_status":"open","template":"","meta":[],"_links":{"self":[{"href":"http:\/\/www.francoisbardier.com\/index.php?rest_route=\/wp\/v2\/pages\/60"}],"collection":[{"href":"http:\/\/www.francoisbardier.com\/index.php?rest_route=\/wp\/v2\/pages"}],"about":[{"href":"http:\/\/www.francoisbardier.com\/index.php?rest_route=\/wp\/v2\/types\/page"}],"author":[{"embeddable":true,"href":"http:\/\/www.francoisbardier.com\/index.php?rest_route=\/wp\/v2\/users\/2"}],"replies":[{"embeddable":true,"href":"http:\/\/www.francoisbardier.com\/index.php?rest_route=%2Fwp%2Fv2%2Fcomments&post=60"}],"version-history":[{"count":19,"href":"http:\/\/www.francoisbardier.com\/index.php?rest_route=\/wp\/v2\/pages\/60\/revisions"}],"predecessor-version":[{"id":1928,"href":"http:\/\/www.francoisbardier.com\/index.php?rest_route=\/wp\/v2\/pages\/60\/revisions\/1928"}],"up":[{"embeddable":true,"href":"http:\/\/www.francoisbardier.com\/index.php?rest_route=\/wp\/v2\/pages\/13"}],"wp:attachment":[{"href":"http:\/\/www.francoisbardier.com\/index.php?rest_route=%2Fwp%2Fv2%2Fmedia&parent=60"}],"curies":[{"name":"wp","href":"https:\/\/api.w.org\/{rel}","templated":true}]}}

<p>J&rsquo;anime des ateliers de cinéma d&rsquo;animation pour les enfants, dans les MJC, écoles, lycées, IME, médiathèques&#8230;</p>
<p style="text-align: center;"><a href="http://www.francoisbardier.com/wp-content/uploads/2011/06/Image-animation-enfants.jpg"><img decoding="async" loading="lazy" class="aligncenter size-full wp-image-553" title="Image animation enfants" src="http://www.francoisbardier.com/wp-content/uploads/2011/06/Image-animation-enfants.jpg" alt="" width="500" height="375" srcset="http://www.francoisbardier.com/wp-content/uploads/2011/06/Image-animation-enfants.jpg 500w, http://www.francoisbardier.com/wp-content/uploads/2011/06/Image-animation-enfants-300x225.jpg 300w" sizes="(max-width: 500px) 100vw, 500px" /></a><strong>Tournage d&rsquo;un film en pâte à modeler à l&rsquo;école lumière (Lyon 8eme)</strong></p>
<p>Ces ateliers permettent aux enfants d&rsquo;exprimer leur créativité et leur imagination mais aussi leur fait travailler leurs facultés à travailler en équipe.</p>
<p style="text-align: center;"><a href="http://www.francoisbardier.com/wp-content/uploads/2025/09/2025-03-23-14.24.00.jpg"><img decoding="async" loading="lazy" class="alignnone size-large wp-image-1902" src="http://www.francoisbardier.com/wp-content/uploads/2025/09/2025-03-23-14.24.00-1024x768.jpg" alt="" width="700" height="525" srcset="http://www.francoisbardier.com/wp-content/uploads/2025/09/2025-03-23-14.24.00-1024x768.jpg 1024w, http://www.francoisbardier.com/wp-content/uploads/2025/09/2025-03-23-14.24.00-300x225.jpg 300w, http://www.francoisbardier.com/wp-content/uploads/2025/09/2025-03-23-14.24.00-768x576.jpg 768w, http://www.francoisbardier.com/wp-content/uploads/2025/09/2025-03-23-14.24.00-1536x1152.jpg 1536w, http://www.francoisbardier.com/wp-content/uploads/2025/09/2025-03-23-14.24.00-2048x1536.jpg 2048w" sizes="(max-width: 700px) 100vw, 700px" /></a></p>
<p style="text-align: center;">Atelier de cinéma d&rsquo;animation &#8211; Médiathèque de Meyzieu &#8211; Festival les oniriques 2025</p>
<p style="text-align: center;"><a href="http://www.francoisbardier.com/wp-content/uploads/2011/06/CIMG01301.jpg"><img decoding="async" loading="lazy" class="aligncenter size-full wp-image-562" title="CIMG0130" src="http://www.francoisbardier.com/wp-content/uploads/2011/06/CIMG01301.jpg" alt="" width="500" height="632" srcset="http://www.francoisbardier.com/wp-content/uploads/2011/06/CIMG01301.jpg 500w, http://www.francoisbardier.com/wp-content/uploads/2011/06/CIMG01301-237x300.jpg 237w" sizes="(max-width: 500px) 100vw, 500px" /></a><strong>Réalisation d&rsquo;un générique en land-art</strong></p>
<p><strong>Films réalisés lors de ces ateliers:</strong></p>
<p><strong>Ecole Chateau-Gaillard (2024):</strong></p>
<p><iframe loading="lazy" title="&quot;L&#039;école du futur&quot;" width="474" height="267" src="https://www.youtube.com/embed/3I5P8p92t_g?feature=oembed" frameborder="0" allow="accelerometer; autoplay; clipboard-write; encrypted-media; gyroscope; picture-in-picture; web-share" referrerpolicy="strict-origin-when-cross-origin" allowfullscreen></iframe></p>
<p><strong>IME l&rsquo;oiseau blanc (2024): « Libérée, délivrée »</strong></p>
<p><iframe loading="lazy" title="BDECINES 2024 - IME l&#039;Oiseau Blanc 2024 - Libérée, délivrée" width="474" height="267" src="https://www.youtube.com/embed/lP2CE-kowM8?feature=oembed" frameborder="0" allow="accelerometer; autoplay; clipboard-write; encrypted-media; gyroscope; picture-in-picture; web-share" referrerpolicy="strict-origin-when-cross-origin" allowfullscreen></iframe></p>
<p>Ecole Jean Jaurès (Décines) &#8211; Les aventures de Singsi » (2022):</p>
<p><iframe loading="lazy" title="BEDECINES 2022 - Ecole Jean Jaurès de Décines" width="474" height="356" src="https://www.youtube.com/embed/JhbWDjfGUGg?feature=oembed" frameborder="0" allow="accelerometer; autoplay; clipboard-write; encrypted-media; gyroscope; picture-in-picture; web-share" referrerpolicy="strict-origin-when-cross-origin" allowfullscreen></iframe></p>


<figure class="wp-block-image"><img alt=""/></figure>



<figure class="wp-block-gallery has-nested-images columns-default is-cropped wp-block-gallery-1 is-layout-flex"></figure>

<p>J&rsquo;anime des ateliers de cinéma d&rsquo;animation pour les enfants, dans les MJC, écoles, lycées, IME, médiathèques&#8230; Tournage d&rsquo;un film en pâte à modeler à l&rsquo;école lumière (Lyon 8eme) Ces ateliers permettent aux enfants d&rsquo;exprimer leur créativité et leur imagination mais aussi leur fait travailler leurs facultés à travailler en équipe. Atelier de cinéma d&rsquo;animation &#8211; &hellip; <a href="http://www.francoisbardier.com/?page_id=60" class="more-link">Continuer la lecture de <span class="screen-reader-text">Ateliers enfants</span>  <span class="meta-nav">&rarr;</span></a></p>
