{"id":1735,"date":"2019-10-18T16:00:02","date_gmt":"2019-10-18T16:00:02","guid":{"rendered":"http:\/\/www.francoisbardier.com\/?page_id=1735"},"modified":"2021-09-19T07:28:05","modified_gmt":"2021-09-19T07:28:05","slug":"ateliers-mediatises-a-destination-des-equipes-professionnelles","status":"publish","type":"page","link":"http:\/\/www.francoisbardier.com\/?page_id=1735","title":{"rendered":"Ateliers m\u00e9diatis\u00e9s \u00e0 destination des \u00e9quipes professionnelles"},"content":{"rendered":"<p>Je d\u00e9veloppe des ateliers m\u00e9diatis\u00e9s \u00e0 destination des \u00e9quipes de professionnels notamment dans les domaines du soin, du travail social et de l&rsquo;\u00e9ducatif.<\/p>\n<p>Ces ateliers sont destin\u00e9s \u00e0 permettre aux \u00e9quipes de venir d\u00e9poser, exprimer, transformer, \u00e9laborer ce qu&rsquo;elles vivent dans leur quotidien professionnel.<\/p>\n<p>Participant \u00e0 de multiples groupes d&rsquo;\u00e9laboration des pratiques professionnels dans le cadre priv\u00e9 ou universitaire (FPP) depuis plusieurs ann\u00e9es, je suis apte \u00e0 accueillir les v\u00e9cus et l&rsquo;expression des \u00e9quipes et les aider \u00e0 les \u00e9laborer en groupe.<\/p>\n<p>Ces ateliers ont de multiples fonctions:<\/p>\n<p>&#8211; Pr\u00e9vention des risques psychosociaux<\/p>\n<p>&#8211; Symbolisation, transformation des v\u00e9cus dont les \u00e9quipes sont les d\u00e9p\u00f4ts<\/p>\n<p>&#8211; Relance de la cr\u00e9ativit\u00e9 d&rsquo;\u00e9quipe<\/p>\n<p>&#8211; Soutien de la professionnalit\u00e9<\/p>\n<p>&#8211; \u00c9laboration psychique des v\u00e9cus<\/p>\n","protected":false},"excerpt":{"rendered":"<p>Je d\u00e9veloppe des ateliers m\u00e9diatis\u00e9s \u00e0 destination des \u00e9quipes de professionnels notamment dans les domaines du soin, du travail social et de l&rsquo;\u00e9ducatif. Ces ateliers sont destin\u00e9s \u00e0 permettre aux \u00e9quipes de venir d\u00e9poser, exprimer, transformer, \u00e9laborer ce qu&rsquo;elles vivent dans leur quotidien professionnel. Participant \u00e0 de multiples groupes d&rsquo;\u00e9laboration des pratiques professionnels dans le &hellip; <a href=\"http:\/\/www.francoisbardier.com\/?page_id=1735\" class=\"more-link\">Continuer la lecture de <span class=\"screen-reader-text\">Ateliers m\u00e9diatis\u00e9s \u00e0 destination des \u00e9quipes professionnelles<\/span>  <span class=\"meta-nav\">&rarr;<\/span><\/a><\/p>\n","protected":false},"author":2,"featured_media":0,"parent":0,"menu_order":0,"comment_status":"closed","ping_status":"closed","template":"","meta":[],"_links":{"self":[{"href":"http:\/\/www.francoisbardier.com\/index.php?rest_route=\/wp\/v2\/pages\/1735"}],"collection":[{"href":"http:\/\/www.francoisbardier.com\/index.php?rest_route=\/wp\/v2\/pages"}],"about":[{"href":"http:\/\/www.francoisbardier.com\/index.php?rest_route=\/wp\/v2\/types\/page"}],"author":[{"embeddable":true,"href":"http:\/\/www.francoisbardier.com\/index.php?rest_route=\/wp\/v2\/users\/2"}],"replies":[{"embeddable":true,"href":"http:\/\/www.francoisbardier.com\/index.php?rest_route=%2Fwp%2Fv2%2Fcomments&post=1735"}],"version-history":[{"count":2,"href":"http:\/\/www.francoisbardier.com\/index.php?rest_route=\/wp\/v2\/pages\/1735\/revisions"}],"predecessor-version":[{"id":1738,"href":"http:\/\/www.francoisbardier.com\/index.php?rest_route=\/wp\/v2\/pages\/1735\/revisions\/1738"}],"wp:attachment":[{"href":"http:\/\/www.francoisbardier.com\/index.php?rest_route=%2Fwp%2Fv2%2Fmedia&parent=1735"}],"curies":[{"name":"wp","href":"https:\/\/api.w.org\/{rel}","templated":true}]}}