{"id":1335,"date":"2014-09-18T15:10:44","date_gmt":"2014-09-18T15:10:44","guid":{"rendered":"http:\/\/www.francoisbardier.com\/?page_id=1335"},"modified":"2021-09-19T07:27:51","modified_gmt":"2021-09-19T07:27:51","slug":"animation-de-silhouettes","status":"publish","type":"page","link":"http:\/\/www.francoisbardier.com\/?page_id=1335","title":{"rendered":"Animation de silhouettes"},"content":{"rendered":"<p>Il s&rsquo;agit d&rsquo;une variante r\u00e9tro \u00e9clair\u00e9e du papier d\u00e9coup\u00e9 qui reproduit l&rsquo;effet du th\u00e9atre d&rsquo;ombres. Des \u00e9l\u00e9ments sont d\u00e9coup\u00e9s dans du papier noir puis articul\u00e9s les uns aux autres \u00e0 l&rsquo;aide de petites attaches parisiennes. Les films de silhouettes ont une esth\u00e9tique particuli\u00e8re bien diff\u00e9rente du papier d\u00e9coup\u00e9 classique. Ils ont \u00e9t\u00e9 d\u00e9velopp\u00e9s notamment par Lotte Reininger au d\u00e9but du 20 eme si\u00e8cle puis repris r\u00e9cemment par Michel Ocelot avec sa s\u00e9rie \u00ab\u00a0La princesse insensible\u00a0\u00bb, le film \u00ab\u00a0Princes et Princesses, et plus r\u00e9cemment \u00ab\u00a0Dragons et princesses\u00a0\u00bb.<\/p>\n<span class=\"vvqbox vvqyoutube\" style=\"width:425px;height:344px;\"><span id=\"vvq-1335-youtube-1\"><a href=\"http:\/\/www.youtube.com\/watch?v=KxkIGXVwZTM\"><img src=\"http:\/\/img.youtube.com\/vi\/KxkIGXVwZTM\/0.jpg\" alt=\"Image de pr\u00e9visualisation YouTube\" \/><\/a><\/span><\/span>\n<p style=\"text-align: center;\"><strong>\u00ab\u00a0Hansel et Gretel\u00a0\u00bb de Lotte Reininger<\/strong><\/p>\n<span class=\"vvqbox vvqyoutube\" style=\"width:425px;height:344px;\"><span id=\"vvq-1335-youtube-2\"><a href=\"http:\/\/www.youtube.com\/watch?v=X7rZJcnPWaA\"><img src=\"http:\/\/img.youtube.com\/vi\/X7rZJcnPWaA\/0.jpg\" alt=\"Image de pr\u00e9visualisation YouTube\" \/><\/a><\/span><\/span>\n<p style=\"text-align: center;\"><strong>\u00ab\u00a0La princesse insensible\u00a0\u00bb de Michel Ocelot<\/strong><\/p>\n<span class=\"vvqbox vvqyoutube\" style=\"width:425px;height:344px;\"><span id=\"vvq-1335-youtube-3\"><a href=\"http:\/\/www.youtube.com\/watch?v=UQ3HamqYzjM\"><img src=\"http:\/\/img.youtube.com\/vi\/UQ3HamqYzjM\/0.jpg\" alt=\"Image de pr\u00e9visualisation YouTube\" \/><\/a><\/span><\/span>\n<p style=\"text-align: center;\"><strong>\u00ab\u00a0Princes et princesses\u00a0\u00bb de Michel Ocelot<\/strong><\/p>\n<p>&nbsp;<\/p>\n<p>http:\/\/www.youtube.com\/watch?v=NBnOy0AYOg0<\/p>\n<p style=\"text-align: center;\"><strong>\u00ab\u00a0Dragons et princesses\u00a0\u00bb de Michel Ocelot<\/strong><\/p>\n<p>Un documentaire sur Lotte Reininger, pionni\u00e8re de la technique des silhouettes anim\u00e9es:<\/p>\n<p><iframe loading=\"lazy\" title=\"The Art of Lotte Reiniger parte 1\" width=\"474\" height=\"356\" src=\"https:\/\/www.youtube.com\/embed\/LvU55CUw5Ck?feature=oembed\" frameborder=\"0\" allow=\"accelerometer; autoplay; clipboard-write; encrypted-media; gyroscope; picture-in-picture; web-share\" referrerpolicy=\"strict-origin-when-cross-origin\" allowfullscreen><\/iframe><\/p>\n<p style=\"text-align: center;\"><strong>\u00ab\u00a0The art of Lotte Reininger\u00a0\u00bb<\/strong><\/p>\n<p>Il est \u00e9galement possible de m\u00e9langer diff\u00e9rentes techniques r\u00e9tro-\u00e9clair\u00e9es, comme l&rsquo;a fait Lotte Reininger dans \u00ab\u00a0les aventures du prince Achmed\u00a0\u00bb:<\/p>\n<p><iframe loading=\"lazy\" title=\"Lotte Reiniger - The Adventures of Prince Achmed\" width=\"474\" height=\"356\" src=\"https:\/\/www.youtube.com\/embed\/25SP4ftxklg?feature=oembed\" frameborder=\"0\" allow=\"accelerometer; autoplay; clipboard-write; encrypted-media; gyroscope; picture-in-picture; web-share\" referrerpolicy=\"strict-origin-when-cross-origin\" allowfullscreen><\/iframe><\/p>\n<p style=\"text-align: center;\"><strong>\u00ab\u00a0Les aventures du prince Achmed\u00a0\u00bb de Lotte Reininger<\/strong><\/p>\n<p><strong><br \/>\n<\/strong><\/p>\n","protected":false},"excerpt":{"rendered":"<p>Il s&rsquo;agit d&rsquo;une variante r\u00e9tro \u00e9clair\u00e9e du papier d\u00e9coup\u00e9 qui reproduit l&rsquo;effet du th\u00e9atre d&rsquo;ombres. Des \u00e9l\u00e9ments sont d\u00e9coup\u00e9s dans du papier noir puis articul\u00e9s les uns aux autres \u00e0 l&rsquo;aide de petites attaches parisiennes. Les films de silhouettes ont une esth\u00e9tique particuli\u00e8re bien diff\u00e9rente du papier d\u00e9coup\u00e9 classique. Ils ont \u00e9t\u00e9 d\u00e9velopp\u00e9s notamment par &hellip; <a href=\"http:\/\/www.francoisbardier.com\/?page_id=1335\" class=\"more-link\">Continuer la lecture de <span class=\"screen-reader-text\">Animation de silhouettes<\/span>  <span class=\"meta-nav\">&rarr;<\/span><\/a><\/p>\n","protected":false},"author":2,"featured_media":0,"parent":0,"menu_order":0,"comment_status":"closed","ping_status":"open","template":"","meta":[],"_links":{"self":[{"href":"http:\/\/www.francoisbardier.com\/index.php?rest_route=\/wp\/v2\/pages\/1335"}],"collection":[{"href":"http:\/\/www.francoisbardier.com\/index.php?rest_route=\/wp\/v2\/pages"}],"about":[{"href":"http:\/\/www.francoisbardier.com\/index.php?rest_route=\/wp\/v2\/types\/page"}],"author":[{"embeddable":true,"href":"http:\/\/www.francoisbardier.com\/index.php?rest_route=\/wp\/v2\/users\/2"}],"replies":[{"embeddable":true,"href":"http:\/\/www.francoisbardier.com\/index.php?rest_route=%2Fwp%2Fv2%2Fcomments&post=1335"}],"version-history":[{"count":1,"href":"http:\/\/www.francoisbardier.com\/index.php?rest_route=\/wp\/v2\/pages\/1335\/revisions"}],"predecessor-version":[{"id":1337,"href":"http:\/\/www.francoisbardier.com\/index.php?rest_route=\/wp\/v2\/pages\/1335\/revisions\/1337"}],"wp:attachment":[{"href":"http:\/\/www.francoisbardier.com\/index.php?rest_route=%2Fwp%2Fv2%2Fmedia&parent=1335"}],"curies":[{"name":"wp","href":"https:\/\/api.w.org\/{rel}","templated":true}]}}