{"id":1332,"date":"2014-09-18T15:09:39","date_gmt":"2014-09-18T15:09:39","guid":{"rendered":"http:\/\/www.francoisbardier.com\/?page_id=1332"},"modified":"2021-09-19T07:27:51","modified_gmt":"2021-09-19T07:27:51","slug":"le-sable-anime","status":"publish","type":"page","link":"http:\/\/www.francoisbardier.com\/?page_id=1332","title":{"rendered":"Animation de poudres (Sable, caf\u00e9, sel&#8230;)"},"content":{"rendered":"<p><a href=\"http:\/\/www.francoisbardier.com\/wp-content\/uploads\/2018\/03\/IMG_6205.jpg\"><img decoding=\"async\" loading=\"lazy\" class=\"alignnone size-thumbnail wp-image-1697\" src=\"http:\/\/www.francoisbardier.com\/wp-content\/uploads\/2018\/03\/IMG_6205-150x150.jpg\" alt=\"\" width=\"150\" height=\"150\" srcset=\"http:\/\/www.francoisbardier.com\/wp-content\/uploads\/2018\/03\/IMG_6205-150x150.jpg 150w, http:\/\/www.francoisbardier.com\/wp-content\/uploads\/2018\/03\/IMG_6205-230x230.jpg 230w\" sizes=\"(max-width: 150px) 100vw, 150px\" \/>\u00a0<\/a><a href=\"http:\/\/www.francoisbardier.com\/wp-content\/uploads\/2018\/03\/IMG_6191.jpg\"><img decoding=\"async\" loading=\"lazy\" class=\"alignnone size-thumbnail wp-image-1698\" src=\"http:\/\/www.francoisbardier.com\/wp-content\/uploads\/2018\/03\/IMG_6191-150x150.jpg\" alt=\"\" width=\"150\" height=\"150\" srcset=\"http:\/\/www.francoisbardier.com\/wp-content\/uploads\/2018\/03\/IMG_6191-150x150.jpg 150w, http:\/\/www.francoisbardier.com\/wp-content\/uploads\/2018\/03\/IMG_6191-230x230.jpg 230w\" sizes=\"(max-width: 150px) 100vw, 150px\" \/><\/a><a href=\"http:\/\/www.francoisbardier.com\/wp-content\/uploads\/2018\/03\/IMG_6205.jpg\">\u00a0<\/a><a href=\"http:\/\/www.francoisbardier.com\/wp-content\/uploads\/2018\/03\/IMG_6190.jpg\"><img decoding=\"async\" loading=\"lazy\" class=\"alignnone size-thumbnail wp-image-1699\" src=\"http:\/\/www.francoisbardier.com\/wp-content\/uploads\/2018\/03\/IMG_6190-150x150.jpg\" alt=\"\" width=\"150\" height=\"150\" srcset=\"http:\/\/www.francoisbardier.com\/wp-content\/uploads\/2018\/03\/IMG_6190-150x150.jpg 150w, http:\/\/www.francoisbardier.com\/wp-content\/uploads\/2018\/03\/IMG_6190-230x230.jpg 230w\" sizes=\"(max-width: 150px) 100vw, 150px\" \/><\/a><\/p>\n<p><a href=\"http:\/\/www.francoisbardier.com\/wp-content\/uploads\/2018\/03\/IMG_0284.jpg\"><img decoding=\"async\" loading=\"lazy\" class=\"alignnone size-thumbnail wp-image-1700\" src=\"http:\/\/www.francoisbardier.com\/wp-content\/uploads\/2018\/03\/IMG_0284-150x150.jpg\" alt=\"\" width=\"150\" height=\"150\" srcset=\"http:\/\/www.francoisbardier.com\/wp-content\/uploads\/2018\/03\/IMG_0284-150x150.jpg 150w, http:\/\/www.francoisbardier.com\/wp-content\/uploads\/2018\/03\/IMG_0284-230x230.jpg 230w\" sizes=\"(max-width: 150px) 100vw, 150px\" \/><\/a> <a href=\"http:\/\/www.francoisbardier.com\/wp-content\/uploads\/2018\/03\/IMG_8138.jpg\"><img decoding=\"async\" loading=\"lazy\" class=\"alignnone wp-image-1703 size-thumbnail\" src=\"http:\/\/www.francoisbardier.com\/wp-content\/uploads\/2018\/03\/IMG_8138-e1520780961792-150x150.jpg\" alt=\"\" width=\"150\" height=\"150\" srcset=\"http:\/\/www.francoisbardier.com\/wp-content\/uploads\/2018\/03\/IMG_8138-e1520780961792-150x150.jpg 150w, http:\/\/www.francoisbardier.com\/wp-content\/uploads\/2018\/03\/IMG_8138-e1520780961792-230x230.jpg 230w\" sizes=\"(max-width: 150px) 100vw, 150px\" \/><\/a><a href=\"http:\/\/www.francoisbardier.com\/wp-content\/uploads\/2018\/03\/IMG_8125.jpg\">\u00a0<img decoding=\"async\" loading=\"lazy\" class=\"alignnone size-thumbnail wp-image-1702\" src=\"http:\/\/www.francoisbardier.com\/wp-content\/uploads\/2018\/03\/IMG_8125-150x150.jpg\" alt=\"\" width=\"150\" height=\"150\" srcset=\"http:\/\/www.francoisbardier.com\/wp-content\/uploads\/2018\/03\/IMG_8125-150x150.jpg 150w, http:\/\/www.francoisbardier.com\/wp-content\/uploads\/2018\/03\/IMG_8125-230x230.jpg 230w\" sizes=\"(max-width: 150px) 100vw, 150px\" \/><\/a><\/p>\n<p>Il est possible d&rsquo;animer diff\u00e9rentes types de poudres: Sable, caf\u00e9, semoule, sucre, sel&#8230;<\/p>\n<p>On peut utiliser des poudres de la m\u00eame couleur ou diff\u00e9rentes couleurs, attention toutefois avec les \u00e9pices qui peuvent piquer les yeux lorsqu&rsquo;on les manipule (Piments, paprika&#8230;ect&#8230;)<\/p>\n<p>Les poudres sont le plus souvent anim\u00e9es sur table lumineuse, c&rsquo;est donc une technique \u00ab\u00a0r\u00e9tro-\u00e9clair\u00e9e\u00a0\u00bb.<\/p>\n<p>Les poudres s&rsquo;animent de fa\u00e7on tr\u00e8s diff\u00e9rentes des autres techniques et demandent de la patience. On peut utiliser diff\u00e9rents outils comme les pinceaux pour d\u00e9placer les grains de poudre. Cette technique se pr\u00eate bien \u00e0 l&rsquo;improvisation au fil des formes cr\u00e9\u00e9es, l&rsquo;une se transformant en une autre et \u00e0 une narration par transformation tr\u00e8s onirique.<\/p>\n<p>Parmis les maitres du genre on trouve Ferenk Cako (Tchequie), Caroline Leaf (Canada):<\/p>\n<p><iframe loading=\"lazy\" title=\"Stones - Animation film by Cak\u00f3\" width=\"474\" height=\"356\" src=\"https:\/\/www.youtube.com\/embed\/PMg6yMwhKt0?feature=oembed\" frameborder=\"0\" allow=\"accelerometer; autoplay; clipboard-write; encrypted-media; gyroscope; picture-in-picture; web-share\" referrerpolicy=\"strict-origin-when-cross-origin\" allowfullscreen><\/iframe><\/p>\n<p>\u00ab\u00a0Stones\u00a0\u00bb de Ferenk Cako (2000)<\/p>\n<p><iframe loading=\"lazy\" title=\"The Owl Who Married a Goose: An Eskimo Legend\" width=\"474\" height=\"356\" src=\"https:\/\/www.youtube.com\/embed\/fusYZ7eIhps?feature=oembed\" frameborder=\"0\" allow=\"accelerometer; autoplay; clipboard-write; encrypted-media; gyroscope; picture-in-picture; web-share\" referrerpolicy=\"strict-origin-when-cross-origin\" allowfullscreen><\/iframe><\/p>\n<p>Caroline leaf: \u00ab\u00a0Le mariage du hibou\u00a0\u00bb (1974)<\/p>\n<p><iframe loading=\"lazy\" title=\"The Metamorphosis Of Mr Samsa\" width=\"474\" height=\"356\" src=\"https:\/\/www.youtube.com\/embed\/GHvy-J1BFu8?feature=oembed\" frameborder=\"0\" allow=\"accelerometer; autoplay; clipboard-write; encrypted-media; gyroscope; picture-in-picture; web-share\" referrerpolicy=\"strict-origin-when-cross-origin\" allowfullscreen><\/iframe><\/p>\n<p>Caroline Leaf: \u00ab\u00a0La m\u00e9tamorphose de Mr Samsa\u00a0\u00bb (1977)<\/p>\n<p><iframe loading=\"lazy\" title=\"Screening Room with Caroline Leaf and Mary Beams - PREVIEW\" width=\"474\" height=\"356\" src=\"https:\/\/www.youtube.com\/embed\/_GotOotbrQE?feature=oembed\" frameborder=\"0\" allow=\"accelerometer; autoplay; clipboard-write; encrypted-media; gyroscope; picture-in-picture; web-share\" referrerpolicy=\"strict-origin-when-cross-origin\" allowfullscreen><\/iframe><\/p>\n<p>D\u00e9mo de Caroline Leaf (1975)<\/p>\n<p><iframe loading=\"lazy\" title=\"MONTEdeVENUS sand animation\" width=\"474\" height=\"356\" src=\"https:\/\/www.youtube.com\/embed\/5suobf-GdVs?feature=oembed\" frameborder=\"0\" allow=\"accelerometer; autoplay; clipboard-write; encrypted-media; gyroscope; picture-in-picture; web-share\" referrerpolicy=\"strict-origin-when-cross-origin\" allowfullscreen><\/iframe><\/p>\n<p>\u00ab\u00a0Monte de Venus\u00a0\u00bb de Cesar Diaz<\/p>\n<p>Il est \u00e9galement possible d&rsquo;utiliser des poudres de diff\u00e9rentes couleurs comme dans ce film de Cesar Diaz:<\/p>\n<p><iframe loading=\"lazy\" title=\"NO CORRAS TANTO- Sand animation\" width=\"474\" height=\"356\" src=\"https:\/\/www.youtube.com\/embed\/lhqr-P2O0XI?feature=oembed\" frameborder=\"0\" allow=\"accelerometer; autoplay; clipboard-write; encrypted-media; gyroscope; picture-in-picture; web-share\" referrerpolicy=\"strict-origin-when-cross-origin\" allowfullscreen><\/iframe><\/p>\n<p style=\"text-align: center;\"><strong>\u00ab\u00a0No corras Tanto\u00a0\u00bb de Cesar Diaz<\/strong><\/p>\n<p>Making of du film \u00ab\u00a0No Corras tanto\u00a0\u00bb:<\/p>\n<p><iframe loading=\"lazy\" title=\"Making of Sand animation-No corras tanto\" width=\"474\" height=\"356\" src=\"https:\/\/www.youtube.com\/embed\/PTycuUWRcxU?feature=oembed\" frameborder=\"0\" allow=\"accelerometer; autoplay; clipboard-write; encrypted-media; gyroscope; picture-in-picture; web-share\" referrerpolicy=\"strict-origin-when-cross-origin\" allowfullscreen><\/iframe><\/p>\n<p><iframe loading=\"lazy\" title=\"Bear With Me\" width=\"474\" height=\"267\" src=\"https:\/\/www.youtube.com\/embed\/6dcJWpxBWdg?feature=oembed\" frameborder=\"0\" allow=\"accelerometer; autoplay; clipboard-write; encrypted-media; gyroscope; picture-in-picture; web-share\" referrerpolicy=\"strict-origin-when-cross-origin\" allowfullscreen><\/iframe><\/p>\n<p>\u00ab\u00a0Bear with me\u00a0\u00bb de Uriah Naeh (2008, Isra\u00ebl)<\/p>\n<p>&nbsp;<\/p>\n","protected":false},"excerpt":{"rendered":"<p>\u00a0\u00a0 \u00a0 Il est possible d&rsquo;animer diff\u00e9rentes types de poudres: Sable, caf\u00e9, semoule, sucre, sel&#8230; On peut utiliser des poudres de la m\u00eame couleur ou diff\u00e9rentes couleurs, attention toutefois avec les \u00e9pices qui peuvent piquer les yeux lorsqu&rsquo;on les manipule (Piments, paprika&#8230;ect&#8230;) Les poudres sont le plus souvent anim\u00e9es sur table lumineuse, c&rsquo;est donc une &hellip; <a href=\"http:\/\/www.francoisbardier.com\/?page_id=1332\" class=\"more-link\">Continuer la lecture de <span class=\"screen-reader-text\">Animation de poudres (Sable, caf\u00e9, sel&#8230;)<\/span>  <span class=\"meta-nav\">&rarr;<\/span><\/a><\/p>\n","protected":false},"author":2,"featured_media":0,"parent":0,"menu_order":0,"comment_status":"closed","ping_status":"open","template":"","meta":[],"_links":{"self":[{"href":"http:\/\/www.francoisbardier.com\/index.php?rest_route=\/wp\/v2\/pages\/1332"}],"collection":[{"href":"http:\/\/www.francoisbardier.com\/index.php?rest_route=\/wp\/v2\/pages"}],"about":[{"href":"http:\/\/www.francoisbardier.com\/index.php?rest_route=\/wp\/v2\/types\/page"}],"author":[{"embeddable":true,"href":"http:\/\/www.francoisbardier.com\/index.php?rest_route=\/wp\/v2\/users\/2"}],"replies":[{"embeddable":true,"href":"http:\/\/www.francoisbardier.com\/index.php?rest_route=%2Fwp%2Fv2%2Fcomments&post=1332"}],"version-history":[{"count":9,"href":"http:\/\/www.francoisbardier.com\/index.php?rest_route=\/wp\/v2\/pages\/1332\/revisions"}],"predecessor-version":[{"id":1708,"href":"http:\/\/www.francoisbardier.com\/index.php?rest_route=\/wp\/v2\/pages\/1332\/revisions\/1708"}],"wp:attachment":[{"href":"http:\/\/www.francoisbardier.com\/index.php?rest_route=%2Fwp%2Fv2%2Fmedia&parent=1332"}],"curies":[{"name":"wp","href":"https:\/\/api.w.org\/{rel}","templated":true}]}}